n base 7, what is 156 + -5623?
-5434
In base 9, what is 12 - 11131?
-11118
In base 14, what is -17 + -3b41?
-3b58
In base 5, what is -3 - -21231?
21223
In base 2, what is -11 + -111001101101011?
-111001101101110
In base 4, what is -12111 + -330111?
-1002222
In base 9, what is 226 + 300?
526
In base 5, what is -2 - 21101440?
-21101442
In base 8, what is -13 + 25225?
25212
In base 2, what is 10000011 - -1100000111?
1110001010
In base 12, what is -7 - -2b878?
2b871
In base 10, what is 1 + -41861?
-41860
In base 4, what is 3311111 + 320?
3312031
In base 16, what is 1eb4 + -a7?
1e0d
In base 12, what is -47 + -1b?
-66
In base 7, what is -5225111 + -3?
-5225114
In base 11, what is 211 - 62?
15a
In base 5, what is -241 - -21324?
21033
In base 12, what is -111 + 7?
-106
In base 9, what is 53015 + -4?
53011
In base 8, what is -370 - -1063?
473
In base 5, what is 0 - 300122?
-300122
In base 7, what is 24 - -32662?
33016
In base 7, what is 5 + -264064?
-264056
In base 9, what is 52 + -172?
-120
In base 9, what is 4 + 1470678?
1470683
In base 13, what is 23204 + c?
23213
In base 10, what is 1 + -332711?
-332710
In base 7, what is -1216011 - 2?
-1216013
In base 4, what is 0 - -21103200?
21103200
In base 3, what is 22 + -12120122201?
-12120122102
In base 11, what is 3318 - -4a9?
3816
In base 11, what is 1342 + 366?
16a8
In base 10, what is 9 + -3826?
-3817
In base 5, what is 212 + -434?
-222
In base 14, what is 17 + 2a6c?
2a85
In base 9, what is -1 + 61123?
61122
In base 5, what is -1200 + 112210?
111010
In base 7, what is -14 - -324041?
324024
In base 3, what is 0 - -221011202010?
221011202010
In base 10, what is -226361 - -2?
-226359
In base 7, what is 232013 - -5?
232021
In base 13, what is -1c6a - -5?
-1c65
In base 14, what is -4 + 86603?
865dd
In base 2, what is -101010001000 - 10011?
-101010011011
In base 16, what is -867 + 8?
-85f
In base 9, what is 6 - -4752?
4758
In base 11, what is 860a - 9?
8601
In base 11, what is 77 - -48a4?
4970
In base 12, what is 1aaa - -26?
1b14
In base 10, what is 1118 + -9?
1109
In base 5, what is -432441 + -1?
-432442
In base 9, what is -3 - 1500686?
-1500700
In base 5, what is 2 + 3344113?
3344120
In base 10, what is 318 - -1975?
2293
In base 13, what is 100 - 2691?
-2591
In base 10, what is 380249 - -2?
380251
In base 5, what is 23 - -10204112?
10204140
In base 12, what is -3429 - 4?
-3431
In base 6, what is 2554 - -21?
3015
In base 8, what is 53 - -157347?
157422
In base 3, what is -2200 - 12010?
-21210
In base 10, what is 3 + -1340?
-1337
In base 16, what is 4f - 3856?
-3807
In base 5, what is 1140 + 102?
1242
In base 15, what is e36 - 93?
d93
In base 7, what is 34324 - -4?
34331
In base 12, what is -606a2 + -8?
-606aa
In base 9, what is -4 - 1104441?
-1104445
In base 3, what is 11210 - -11011?
22221
In base 3, what is 20001 - -1222200?
2012201
In base 2, what is 10100001110001 + 1010?
10100001111011
In base 16, what is -12 + 718?
706
In base 13, what is 3c6 + 145?
53b
In base 6, what is -4 + -251054?
-251102
In base 6, what is 445415 - -30?
445445
In base 6, what is 20 + 441501?
441521
In base 14, what is 8 - -56c81?
56c89
In base 13, what is 1a39 + 28?
1a64
In base 13, what is -5 - -b690?
b688
In base 10, what is -576 - -279?
-297
In base 4, what is 310 - -2331?
3301
In base 5, what is -4430421 - 34?
-4431010
In base 4, what is -12103 - -320?
-11123
In base 14, what is 24b8 + -1?
24b7
In base 8, what is -333 + -1225?
-1560
In base 13, what is 10bcb + 3?
10c01
In base 3, what is 1 - -22110110?
22110111
In base 10, what is -16 - -2641?
2625
In base 3, what is 10200100120 - -12?
10200100202
In base 9, what is 17 - -68?
86
In base 12, what is 4 + 9830?
9834
In base 13, what is -56 + c842?
c7b9
In base 9, what is 10285 - 4?
10281
In base 6, what is 5 + 1130?
1135
In base 16, what is 83 - 13?
70
In base 9, what is 554383 - 4?
554378
In base 14, what is a8 - -7553?
761b
In base 14, what is c64 + -236?
a2c
In base 10, what is 48478 + -1?
48477
In base 13, what is b13 - b?
b05
In base 12, what is 5 + 57b35?
57b3a
In base 6, what is -1214212 + 2?
-1214210
In base 2, what is 100110110 - -111111?
101110101
In base 7, what is 25 + 105206?
105234
In base 11, what is a + -1722a?
-17220
In base 6, what is 4 + -11131201?
-11131153
In base 8, what is -70 - -6?
-62
In base 13, what is -188855 - 1?
-188856
In base 11, what is 5 + 264109?
264113
In base 11, what is 5a15 - -84?
5a99
In base 11, what is -aa152 + 4?
-aa149
In base 14, what is ab - a8?
3
In base 2, what is 11 + 101010011110100000?
101010011110100011
In base 9, what is 4 + 671046?
671051
In base 3, what is 100220021102 + 121?
100220022000
In base 5, what is -4242111 - -10?
-4242101
In base 9, what is 58185 + -3?
58182
In base 7, what is 52166 + 154?
52353
In base 8, what is -135 + -124?
-261
In base 4, what is 30133233 + -132?
30133101
In base 16, what is -cd7 + -8?
-cdf
In base 6, what is -1 + 22030415?
22030414
In base 11, what is 5 - -1a6285?
1a628a
In base 2, what is 1 - -10100101101?
10100101110
In base 6, what is 424315544 - -3?
424315551
In base 9, what is 4 + 4656?
4661
In base 7, what is 2066 + 1433?
3532
In base 15, what is -2331 + 0?
-2331
In base 8, what is -1556 + -23?
-1601
In base 15, what is -83 - -2e?
-54
In base 16, what is 528 + -138?
3f0
In base 4, what is 131333333 - 20?
131333313
In base 16, what is -1 + 1b2a?
1b29
In base 15, what is 0 - -2856?
2856
In base 12, what is -80999 + 3?
-80996
In base 8, what is -5102 + 7?
-5073
In base 7, what is 25 + -1055?
-1030
In base 10, what is -5 - -782399?
782394
In base 14, what is -2 - 8434c?
-84350
In base 11, what is -1 + -1826a?
-18270
In base 7, what is 620353 + 6?
620362
In base 11, what is -5 + -9137?
-9141
In base 13, what is cca5 - -3?
cca8
In base 15, what is -29 + 21ee1?
21eb7
In base 11, what is -154 - -1385?
1231
In base 4, what is 23 - 102222032?
-102222003
In base 13, what is 13 - 4a94?
-4a81
In base 12, what is 3a - -26aa?
2728
In base 5, what is -2 + 1304111?
1304104
In base 14, what is 10c5a + 0?
10c5a
In base 13, what is 1 - -3216?
3217
In base 7, what is -463 - 405?
-1201
In base 5, what is -3 - 2023244?
-2023302
In base 13, what is 36b + 22?
390
In base 8, what is 35 + 10521?
10556
In base 13, what is -16 - 387?
-3a0
In base 5, what is 2221323 - 3?
2221320
In base 4, what is -22331 - -333?
-21332
In base 12, what is 7419 - -25?
7442
In base 7, what is -4 - 5321153?
-5321160
In base 15, what is d4a8 + -1?
d4a7
In base 9, what is -4 + -152275?
-152280
In base 14, what is 2b + 129?
156
In base 4, what is -23 - -1010231?
1010202
In base 8, what is 6 - -1552255?
1552263
In base 7, what is 164105 - -6?
164114
In base 8, what is 10231 - -151?
10402
In base 4, what is -200001 - 120?
-200121
In base 8, what is 1417 - -35?
1454
In base 4, what is -11123133 - 11?
-11123210
In base 2, what is 110001101 - 1011011001110?
-1010101000001
In base 4, what is -1222300 + 303?
-1221331
In base 9, what is 216427 - -10?
216437
In base 16, what is -3 - 50617?
-5061a
In base 14, what is -1 - -1714?
1713
In base 14, what is -69852 - 4?
-69856
In base 13, what is 164c9 + 1?
164ca
In base 15, what is -19 - -2e74?
2e5a
In base 12, what is -4 - 3518?
-3520
In base 4, what is -32 + -2323002?
-2323100
In base 14, what is 3 + -27c7c?
-27c79
In base 2, what is 111101 + 10?
111111
In base 10, what is -28 + 63?
35
In base 3, what is 12 + -1110?
-1021
In base 3, what is -11010 - 20221022?
-21002102
In base 10, what is 507 + -356?
151
In base 16, what is 23 - da?
-b7
In base 9, what is -23645 + 3?
-23642
In base 8, what is -347530 + -5?
-347535
In base 8, what is -72475 - -1?
-72474
In base 14, what is -d8 + -127?
-221
In base 15, what is 269 - 2b3?
-49
In base 2, what is -10000001000111 + -100?
-10000001001011
In base 6, what is 110 - 101?
5
In base 12, what is -76b - 6a?
-819
In base 14, what is 0 - 79b55?
-79b55
In base 8, what is -40 - -4635?
4575
In base 11, what is -9 + -1014?
-1022
In base 13, what is 1100839 + -2?
1100837
In base 8, what is 3663 + -265?
3376
In base 12, what is 5 + -4b7a56?
-4b7a51
In base 2, what is 1101 - 10110111110000000?
-10110111101110011
In base 14, what is -371 - -9?
-366
In base 4, what is -121321 + 3033?
-112222
In base 11, what is 51286 - -3?
51289
In base 4, what is -3 - -1222303021?
122230